{"id":193,"date":"2021-10-25T19:01:39","date_gmt":"2021-10-25T19:01:39","guid":{"rendered":"https:\/\/ertekprojects.com\/erhu\/?page_id=193"},"modified":"2022-04-11T15:29:59","modified_gmt":"2022-04-11T15:29:59","slug":"ders-5","status":"publish","type":"page","link":"https:\/\/ertekprojects.com\/erhu\/ders-5\/","title":{"rendered":"Ders-5"},"content":{"rendered":"<p><img loading=\"lazy\" decoding=\"async\" class=\"alignright wp-image-194\" src=\"https:\/\/ertekprojects.com\/erhu\/wp-content\/uploads\/2021\/10\/ders-5.png\" alt=\"\" width=\"100\" height=\"122\" \/><\/p>\n<p>&nbsp;<\/p>\n<h4 class=\"p1\"><span class=\"s1\"><b>Tan\u0131nm\u0131\u015f Erhu M\u00fczisyenleri<\/b><\/span><\/h4>\n<p>&nbsp;<\/p>\n<p class=\"p1\"><b>Liu Tianhua <\/b>(1895-1932)<\/p>\n<p style=\"text-align: left;\"><img loading=\"lazy\" decoding=\"async\" class=\"alignnone size-medium wp-image-198 alignleft\" src=\"https:\/\/ertekprojects.com\/erhu\/wp-content\/uploads\/2021\/10\/Liu-Tianhua-300x300.jpg\" alt=\"\" width=\"300\" height=\"300\" srcset=\"https:\/\/ertekprojects.com\/erhu\/wp-content\/uploads\/2021\/10\/Liu-Tianhua-300x300.jpg 300w, https:\/\/ertekprojects.com\/erhu\/wp-content\/uploads\/2021\/10\/Liu-Tianhua-1024x1024.jpg 1024w, https:\/\/ertekprojects.com\/erhu\/wp-content\/uploads\/2021\/10\/Liu-Tianhua-150x150.jpg 150w, https:\/\/ertekprojects.com\/erhu\/wp-content\/uploads\/2021\/10\/Liu-Tianhua-768x768.jpg 768w, https:\/\/ertekprojects.com\/erhu\/wp-content\/uploads\/2021\/10\/Liu-Tianhua-1536x1536.jpg 1536w, https:\/\/ertekprojects.com\/erhu\/wp-content\/uploads\/2021\/10\/Liu-Tianhua-2048x2048.jpg 2048w\" sizes=\"auto, (max-width: 300px) 100vw, 300px\" \/>\u00a0Bat\u0131 m\u00fczi\u011fine de hakim olan \u00c7inli <b>Liu Tianhua<\/b>, <span class=\"Apple-converted-space\">\u00a0 <\/span>Geleneksel \u00c7in m\u00fczi\u011finin modernizasyonuna \u00f6nc\u00fcl\u00fck eden m\u00fczisyenlerdendir.<span class=\"Apple-converted-space\">\u00a0<\/span><\/p>\n<p class=\"p1\">Liu Tuanhua, 1922&#8217;de Cai Yuanpei\u2019nin Pekin \u00dcniversitesi M\u00fczik Toplulu\u011fu&#8217;na enstr\u00fcmantal e\u011fitmen olarak kat\u0131larak \u00c7in m\u00fczi\u011fini desteklemi\u015ftir.<span class=\"Apple-converted-space\">\u00a0<\/span><\/p>\n<p class=\"p1\">1927&#8217;de \u00c7in M\u00fczi\u011fi Geli\u015ftirme Derne\u011fi&#8217;ni ( Gu\u00f3yu\u00e8 G<span class=\"s1\">\u01ce<\/span>ij\u00ecnsh\u00e8) ve onun s\u00fcreli yay\u0131n\u0131 M\u00fczik Dergisi\u2019ni (Y\u012bnyu\u00e8 Z\u00e1zh\u00ec) kurmu\u015ftur. Modern \u00c7in orkestras\u0131n\u0131n \u00f6nc\u00fcs\u00fc olan \u00c7in m\u00fczi\u011fini \u00e7almak i\u00e7in bir m\u00fczik toplulu\u011fu olu\u015fturmu\u015ftur.<span class=\"Apple-converted-space\">\u00a0<\/span><\/p>\n<p class=\"p1\">Geleneksel keman Huqin&#8217;i ve \u00f6zellikle Er Hu&#8217;yu modern sahne performanslar\u0131na uygun bir enstr\u00fcman haline getirmek i\u00e7in iyile\u015ftirmeler yapm\u0131\u015ft\u0131r. Erhu&#8217;nun solo bir \u00e7alg\u0131 olarak geli\u015fmesinde \u00f6nemli olan 47 al\u0131\u015ft\u0131rma ve 10 solo eser (1918-1932) bestelemi\u015ftir. Erhu i\u00e7in yapt\u0131\u011f\u0131 besteler aras\u0131nda <i>Yue Ye ( Moon Night)<\/i> ve Zhu Ying Yao <i>Hong (Shadows of Candles Flickering Red)<\/i>, \u00c7in m\u00fczi\u011finin klasik eserleri aras\u0131nda yer almaktad\u0131r.<\/p>\n<p class=\"p1\"><i>Moon Night<\/i><\/p>\n<p class=\"p2\"><span class=\"s2\"><a href=\"https:\/\/www.youtube.com\/watch?v=y1h-x6tgC2w\">https:\/\/www.youtube.com\/watch?v=y1h-x6tgC2w<\/a><\/span><\/p>\n<p class=\"p1\"><i>Shadows of Candles Flickering Red<\/i><\/p>\n<p class=\"p3\"><span class=\"s3\"><a href=\"https:\/\/www.youtube.com\/watch?v=iyfbAeXKKdo\">https:\/\/www.youtube.com\/watch?v=iyfbAeXKKdo<\/a><\/span><\/p>\n<p>&nbsp;<\/p>\n<p class=\"p1\"><b>Ah Bing <\/b>(1893-1950)<\/p>\n<p><b><img loading=\"lazy\" decoding=\"async\" class=\"size-medium wp-image-195 alignleft\" src=\"https:\/\/ertekprojects.com\/erhu\/wp-content\/uploads\/2021\/10\/Ah-Bing-300x300.jpg\" alt=\"\" width=\"300\" height=\"300\" srcset=\"https:\/\/ertekprojects.com\/erhu\/wp-content\/uploads\/2021\/10\/Ah-Bing-300x300.jpg 300w, https:\/\/ertekprojects.com\/erhu\/wp-content\/uploads\/2021\/10\/Ah-Bing-1024x1024.jpg 1024w, https:\/\/ertekprojects.com\/erhu\/wp-content\/uploads\/2021\/10\/Ah-Bing-150x150.jpg 150w, https:\/\/ertekprojects.com\/erhu\/wp-content\/uploads\/2021\/10\/Ah-Bing-768x768.jpg 768w, https:\/\/ertekprojects.com\/erhu\/wp-content\/uploads\/2021\/10\/Ah-Bing-1536x1536.jpg 1536w, https:\/\/ertekprojects.com\/erhu\/wp-content\/uploads\/2021\/10\/Ah-Bing-2048x2048.jpg 2048w\" sizes=\"auto, (max-width: 300px) 100vw, 300px\" \/>Ah Bing<\/b> \u00fcnl\u00fc \u00e2m\u00e2 bir Er Hu bestecidir. Ah Bing&#8217;in en \u00fcnl\u00fc eseri<\/p>\n<p><i>Er Quan Ying Yue (\u0130kinci Baharda Ay&#8217;\u0131n Yans\u0131mas\u0131) <\/i>olarak bilinir<i>.<\/i> Bu eser ad\u0131n\u0131 Wuxi&#8217;deki (bug\u00fcn Xihui Park\u0131&#8217;n\u0131n bir par\u00e7as\u0131 olan) bir bahardan al\u0131r. Eser, normal Erhu tellerinden daha d\u00fc\u015f\u00fck akortlu \u00f6zel bir tel tak\u0131m\u0131 gerektirmesine ra\u011fmen, halen konserlerde standart bir Erhu par\u00e7as\u0131 olarak \u00e7al\u0131nmaktad\u0131r.<\/p>\n<p class=\"p1\">M\u00fczi\u011fi hayat\u0131n\u0131n \u00e7ok ge\u00e7 bir d\u00f6neminden itibaren kaydedilmesine ra\u011fmen, Ah Bing, 20. y\u00fczy\u0131l\u0131n en \u00f6nemli \u00c7inli m\u00fczisyenlerinden biri olarak kabul edilmektedir.<\/p>\n<p class=\"p1\"><i>Er Quan Ying Yue (\u0130kinci Baharda Ay&#8217;\u0131n Yans\u0131mas\u0131)<span class=\"Apple-converted-space\">\u00a0<\/span><\/i><\/p>\n<p class=\"p2\"><span class=\"s1\"><a href=\"https:\/\/www.youtube.com\/watch?v=0pVbyQxa0zs\">https:\/\/www.youtube.com\/watch?v=0pVbyQxa0zs<\/a><\/span><\/p>\n<p>&nbsp;<\/p>\n<p class=\"p1\"><b>Min Huifen <\/b>(1945 &#8211; 12 May\u0131s 2014)<\/p>\n<p class=\"p1\" style=\"text-align: left;\"><b><img loading=\"lazy\" decoding=\"async\" class=\"size-medium wp-image-196 alignleft\" src=\"https:\/\/ertekprojects.com\/erhu\/wp-content\/uploads\/2021\/10\/Min-Huifen-300x300.jpg\" alt=\"\" width=\"300\" height=\"300\" srcset=\"https:\/\/ertekprojects.com\/erhu\/wp-content\/uploads\/2021\/10\/Min-Huifen-300x300.jpg 300w, https:\/\/ertekprojects.com\/erhu\/wp-content\/uploads\/2021\/10\/Min-Huifen-1024x1024.jpg 1024w, https:\/\/ertekprojects.com\/erhu\/wp-content\/uploads\/2021\/10\/Min-Huifen-150x150.jpg 150w, https:\/\/ertekprojects.com\/erhu\/wp-content\/uploads\/2021\/10\/Min-Huifen-768x768.jpg 768w, https:\/\/ertekprojects.com\/erhu\/wp-content\/uploads\/2021\/10\/Min-Huifen-1536x1536.jpg 1536w, https:\/\/ertekprojects.com\/erhu\/wp-content\/uploads\/2021\/10\/Min-Huifen-2048x2048.jpg 2048w\" sizes=\"auto, (max-width: 300px) 100vw, 300px\" \/>Min Huifen<\/b>, geleneksel bir \u00c7in yayl\u0131 \u00e7alg\u0131s\u0131 olan Erhu\u2019nun bir virt\u00fc\u00f6z icrac\u0131s\u0131 ve besteciydi. Enstr\u00fcman\u0131n tart\u0131\u015fmas\u0131z ustas\u0131 olarak kabul edilirdi ve \u201cErhu\u2019nun Krali\u00e7esi\u201d olarak tan\u0131n\u0131rd\u0131.<\/p>\n<p class=\"p1\" style=\"text-align: left;\">Min Huifen kariyeri boyunca 15 alb\u00fcm yay\u0131nlam\u0131\u015ft\u0131r. M\u00fczi\u011fi, Pekin operas\u0131, Yue operas\u0131 ve Chaozhou m\u00fczi\u011fi de dahil olmak \u00fczere, geleneksel \u00c7in m\u00fczi\u011finin bir\u00e7ok t\u00fcr\u00fcn\u00fcn e\u015fsiz bir kar\u0131\u015f\u0131m\u0131d\u0131r.<span class=\"Apple-converted-space\">\u00a0<\/span><\/p>\n<p class=\"p1\" style=\"text-align: left;\"><i>\u201cYangguan Melodi\u201d (\u00dc\u00e7 Varyasyon)<\/i> ve <i>\u201cHonghu G\u00f6l\u00fc Halk\u0131n\u0131n Dilekleri\u201d <\/i>en bilinen eserleri aras\u0131ndad\u0131r.<span class=\"Apple-converted-space\">\u00a0<\/span><\/p>\n<p class=\"p1\" style=\"text-align: left;\">En \u00fcnl\u00fc eseri, Min&#8217;in yard\u0131m\u0131yla Liu Wenjin taraf\u0131ndan bestelenen <i>Great Wall Capriccio<\/i>\u2019dur.<span class=\"Apple-converted-space\">\u00a0<\/span><\/p>\n<p class=\"p2\" style=\"text-align: left;\"><span class=\"s1\"><a href=\"https:\/\/www.youtube.com\/playlist?list=OLAK5uy_nxNSzRz8EekC99xPcn991_QwCX8fHA2Z4\">https:\/\/www.youtube.com\/playlist?list=OLAK5uy_nxNSzRz8EekC99xPcn991_QwCX8fHA2Z4<\/a><\/span><\/p>\n<p>&nbsp;<\/p>\n<p class=\"p1\"><b>Ma Xiaohui<\/b><\/p>\n<p class=\"p1\"><b><img loading=\"lazy\" decoding=\"async\" class=\"size-medium wp-image-197 alignleft\" src=\"https:\/\/ertekprojects.com\/erhu\/wp-content\/uploads\/2021\/10\/Ma-Xiaohui-300x300.jpg\" alt=\"\" width=\"300\" height=\"300\" srcset=\"https:\/\/ertekprojects.com\/erhu\/wp-content\/uploads\/2021\/10\/Ma-Xiaohui-300x300.jpg 300w, https:\/\/ertekprojects.com\/erhu\/wp-content\/uploads\/2021\/10\/Ma-Xiaohui-1024x1024.jpg 1024w, https:\/\/ertekprojects.com\/erhu\/wp-content\/uploads\/2021\/10\/Ma-Xiaohui-150x150.jpg 150w, https:\/\/ertekprojects.com\/erhu\/wp-content\/uploads\/2021\/10\/Ma-Xiaohui-768x768.jpg 768w, https:\/\/ertekprojects.com\/erhu\/wp-content\/uploads\/2021\/10\/Ma-Xiaohui-1536x1536.jpg 1536w, https:\/\/ertekprojects.com\/erhu\/wp-content\/uploads\/2021\/10\/Ma-Xiaohui-2048x2048.jpg 2048w\" sizes=\"auto, (max-width: 300px) 100vw, 300px\" \/>Ma Xiaohui<\/b>, \u00c7in Halk Cumhuriyeti \u015eanghay&#8217;dan bir Erhu icrac\u0131s\u0131 ve bestecisidir. \u00c7in&#8217;in birinci s\u0131n\u0131f geleneksel sanat\u00e7\u0131lar\u0131ndan biri olarak ba\u015flad\u0131\u011f\u0131 kariyerinde zaman i\u00e7inde d\u00fcnya \u00e7ap\u0131nda tan\u0131n\u0131rl\u0131\u011fa ula\u015fm\u0131\u015ft\u0131r. Ele\u015ftirmenler ondan \u201cd\u00fcnya ile Erhu arac\u0131l\u0131\u011f\u0131yla konu\u015fan bir sanat\u00e7\u0131\u201d ve \u201cy\u00fcre\u011fiyle \u00e7alan bir m\u00fczisyen\u201d olarak bahsederler.<\/p>\n<p class=\"p1\">Ma, belki de en \u00e7ok Crouching Tiger, Hidden Dragon filminin Oscar \u00f6d\u00fcll\u00fc film m\u00fczi\u011findeki \u00fcnl\u00fc \u00e7ellist Yo-Yo Ma ile yapt\u0131\u011f\u0131 d\u00fcetle tan\u0131n\u0131r. 1999 y\u0131l\u0131ndaki Kennedy Sahne Sanatlar\u0131 Merkezi Milenyum Sahnesi performans\u0131, baz\u0131 ele\u015ftirmenler taraf\u0131ndan o y\u0131l\u0131n en iyi on konseri aras\u0131nda an\u0131lm\u0131\u015ft\u0131r.<\/p>\n<p class=\"p2\"><span class=\"s1\">Akademik bir ailede b\u00fcy\u00fcyen ve alt\u0131 ya\u015f\u0131ndan beri Erhu \u00e7alan Ma, \u015eanghay M\u00fczik Konservatuar\u0131\u2019ndan mezun olmu\u015ftur. Ba\u011f\u0131ms\u0131z kariyerine ba\u015flamadan \u00f6nce \u015eanghay Geleneksel Orkestras\u0131\u2019nda g\u00f6rev yapm\u0131\u015ft\u0131r. Ma, Birle\u015fmi\u015f Milletler Do\u011fu Sanatlar\u0131 Merkezi \u00fcyesi, G\u00fcneybat\u0131 Jiaotong \u00dcniversitesi\u2019nde (Chengdu) konuk Profes\u00f6r, 2007 D\u00fcnya \u00d6zel Olimpiyatlar\u0131\u2019n\u0131n A\u015fk El\u00e7isi ve \u015eanghay&#8217;daki 2010 D\u00fcnya Fuar\u0131\u2019n\u0131n K\u00fclt\u00fcr El\u00e7isi \u00fcnvanlar\u0131n\u0131 ta\u015f\u0131m\u0131\u015ft\u0131r.<span class=\"Apple-converted-space\">\u00a0<\/span><\/span><\/p>\n<p class=\"p2\"><span class=\"s1\">Ma Xiaohui, Hong Kong Gen\u00e7lik M\u00fczi\u011fi Derne\u011fi ve Ningbo Halk M\u00fczi\u011fi Orkestras\u0131&#8217;na dan\u0131\u015fmanl\u0131k yapmakta ve kendi \u015eanghay Xiaohui Sanat Merkezi\u2019ni y\u00f6netmektedir.<\/span><\/p>\n<p>&nbsp;<\/p>\n<p class=\"p1\"><b>Song Fei<\/b><\/p>\n<p class=\"p1\"><span class=\"s1\"><b><img loading=\"lazy\" decoding=\"async\" class=\"size-medium wp-image-202 alignleft\" src=\"https:\/\/ertekprojects.com\/erhu\/wp-content\/uploads\/2021\/10\/Song-Fei-300x300.jpg\" alt=\"\" width=\"300\" height=\"300\" srcset=\"https:\/\/ertekprojects.com\/erhu\/wp-content\/uploads\/2021\/10\/Song-Fei-300x300.jpg 300w, https:\/\/ertekprojects.com\/erhu\/wp-content\/uploads\/2021\/10\/Song-Fei-1024x1024.jpg 1024w, https:\/\/ertekprojects.com\/erhu\/wp-content\/uploads\/2021\/10\/Song-Fei-150x150.jpg 150w, https:\/\/ertekprojects.com\/erhu\/wp-content\/uploads\/2021\/10\/Song-Fei-768x768.jpg 768w, https:\/\/ertekprojects.com\/erhu\/wp-content\/uploads\/2021\/10\/Song-Fei-1536x1536.jpg 1536w, https:\/\/ertekprojects.com\/erhu\/wp-content\/uploads\/2021\/10\/Song-Fei-2048x2048.jpg 2048w\" sizes=\"auto, (max-width: 300px) 100vw, 300px\" \/>Song Fei, <\/b>Carnegie Hall ve Golden Concert Hall\u2019da da konserler vermi\u015f, d\u00fcnya \u00e7ap\u0131nca tan\u0131nan se\u00e7kin bir Erhu m\u00fczisyenidir.<\/span><\/p>\n<p class=\"p1\"><span class=\"s1\">M\u00fckemmel bir Erhu icrac\u0131s\u0131 olan babas\u0131ndan yedi ya\u015f\u0131nda Erhu \u00e7almay\u0131 \u00f6\u011frenmeye ba\u015flam\u0131\u015f ve hen\u00fcz gen\u00e7li\u011finde \u00c7in\u2019de \u00fcnl\u00fc olmu\u015ftur. Er Quan Ying Yue gibi bir\u00e7ok klasik erhu bestesini kendi stili ile yorumlam\u0131\u015ft\u0131r. Ayr\u0131ca Korsakov&#8217;un Bumble Bee&#8217;nin U\u00e7u\u015fu gibi Klasik Bat\u0131 M\u00fczi\u011fi bestelerini de icra edebilmesi, onun m\u00fckemmel becerisini g\u00f6stermi\u015f olup, Bat\u0131 d\u00fcnyas\u0131nda da Erhu\u2019nun etkisinin geni\u015flemesine katk\u0131da bulunmas\u0131n\u0131 sa\u011flam\u0131\u015ft\u0131r.<\/span><\/p>\n","protected":false},"excerpt":{"rendered":"<p>&nbsp; Tan\u0131nm\u0131\u015f Erhu M\u00fczisyenleri &nbsp; Liu Tianhua (1895-1932) \u00a0Bat\u0131 m\u00fczi\u011fine de hakim olan \u00c7inli Liu Tianhua, \u00a0 Geleneksel \u00c7in m\u00fczi\u011finin modernizasyonuna \u00f6nc\u00fcl\u00fck eden m\u00fczisyenlerdendir.\u00a0 Liu Tuanhua, 1922&#8217;de Cai Yuanpei\u2019nin Pekin \u00dcniversitesi M\u00fczik Toplulu\u011fu&#8217;na enstr\u00fcmantal e\u011fitmen olarak kat\u0131larak \u00c7in m\u00fczi\u011fini desteklemi\u015ftir.\u00a0 1927&#8217;de \u00c7in M\u00fczi\u011fi Geli\u015ftirme Derne\u011fi&#8217;ni ( Gu\u00f3yu\u00e8 G\u01ceij\u00ecnsh\u00e8) ve onun s\u00fcreli yay\u0131n\u0131 M\u00fczik Dergisi\u2019ni (Y\u012bnyu\u00e8 [&hellip;]<\/p>\n","protected":false},"author":1,"featured_media":0,"parent":0,"menu_order":0,"comment_status":"closed","ping_status":"closed","template":"","meta":{"footnotes":""},"class_list":["post-193","page","type-page","status-publish","hentry"],"_links":{"self":[{"href":"https:\/\/ertekprojects.com\/erhu\/wp-json\/wp\/v2\/pages\/193","targetHints":{"allow":["GET"]}}],"collection":[{"href":"https:\/\/ertekprojects.com\/erhu\/wp-json\/wp\/v2\/pages"}],"about":[{"href":"https:\/\/ertekprojects.com\/erhu\/wp-json\/wp\/v2\/types\/page"}],"author":[{"embeddable":true,"href":"https:\/\/ertekprojects.com\/erhu\/wp-json\/wp\/v2\/users\/1"}],"replies":[{"embeddable":true,"href":"https:\/\/ertekprojects.com\/erhu\/wp-json\/wp\/v2\/comments?post=193"}],"version-history":[{"count":5,"href":"https:\/\/ertekprojects.com\/erhu\/wp-json\/wp\/v2\/pages\/193\/revisions"}],"predecessor-version":[{"id":259,"href":"https:\/\/ertekprojects.com\/erhu\/wp-json\/wp\/v2\/pages\/193\/revisions\/259"}],"wp:attachment":[{"href":"https:\/\/ertekprojects.com\/erhu\/wp-json\/wp\/v2\/media?parent=193"}],"curies":[{"name":"wp","href":"https:\/\/api.w.org\/{rel}","templated":true}]}}