{"id":208,"date":"2021-11-01T17:16:29","date_gmt":"2021-11-01T17:16:29","guid":{"rendered":"https:\/\/ertekprojects.com\/erhu\/?page_id=208"},"modified":"2022-04-11T15:32:50","modified_gmt":"2022-04-11T15:32:50","slug":"ders-6","status":"publish","type":"page","link":"https:\/\/ertekprojects.com\/erhu\/ders-6\/","title":{"rendered":"Ders-6"},"content":{"rendered":"<p style=\"text-align: right;\"><img loading=\"lazy\" decoding=\"async\" class=\"alignnone wp-image-209\" src=\"https:\/\/ertekprojects.com\/erhu\/wp-content\/uploads\/2021\/11\/ders-6-245x300.png\" alt=\"\" width=\"100\" height=\"123\" srcset=\"https:\/\/ertekprojects.com\/erhu\/wp-content\/uploads\/2021\/11\/ders-6-245x300.png 245w, https:\/\/ertekprojects.com\/erhu\/wp-content\/uploads\/2021\/11\/ders-6.png 496w\" sizes=\"auto, (max-width: 100px) 100vw, 100px\" \/><\/p>\n<p><span class=\"s1\"><b>Erhu G\u00f6rselleri<\/b><\/span><\/p>\n<p>&nbsp;<\/p>\n<div id=\"attachment_214\" style=\"width: 810px\" class=\"wp-caption aligncenter\"><img loading=\"lazy\" decoding=\"async\" aria-describedby=\"caption-attachment-214\" class=\"wp-image-214\" src=\"https:\/\/ertekprojects.com\/erhu\/wp-content\/uploads\/2021\/11\/chinese_musical_instruments.jpg\" alt=\"\" width=\"800\" height=\"800\" srcset=\"https:\/\/ertekprojects.com\/erhu\/wp-content\/uploads\/2021\/11\/chinese_musical_instruments.jpg 1042w, https:\/\/ertekprojects.com\/erhu\/wp-content\/uploads\/2021\/11\/chinese_musical_instruments-300x300.jpg 300w, https:\/\/ertekprojects.com\/erhu\/wp-content\/uploads\/2021\/11\/chinese_musical_instruments-1024x1024.jpg 1024w, https:\/\/ertekprojects.com\/erhu\/wp-content\/uploads\/2021\/11\/chinese_musical_instruments-150x150.jpg 150w, https:\/\/ertekprojects.com\/erhu\/wp-content\/uploads\/2021\/11\/chinese_musical_instruments-768x768.jpg 768w\" sizes=\"auto, (max-width: 800px) 100vw, 800px\" \/><p id=\"caption-attachment-214\" class=\"wp-caption-text\"><b>\u015eekil 11.<\/b> \u00c7in m\u00fczik enstrumanlar\u0131 ve Erhu<\/p><\/div>\n<p>&nbsp;<\/p>\n<div id=\"attachment_211\" style=\"width: 810px\" class=\"wp-caption aligncenter\"><img loading=\"lazy\" decoding=\"async\" aria-describedby=\"caption-attachment-211\" class=\"wp-image-211\" src=\"https:\/\/ertekprojects.com\/erhu\/wp-content\/uploads\/2021\/11\/young_men_playing_erhu.jpg\" alt=\"\" width=\"800\" height=\"534\" srcset=\"https:\/\/ertekprojects.com\/erhu\/wp-content\/uploads\/2021\/11\/young_men_playing_erhu.jpg 982w, https:\/\/ertekprojects.com\/erhu\/wp-content\/uploads\/2021\/11\/young_men_playing_erhu-300x200.jpg 300w, https:\/\/ertekprojects.com\/erhu\/wp-content\/uploads\/2021\/11\/young_men_playing_erhu-768x512.jpg 768w\" sizes=\"auto, (max-width: 800px) 100vw, 800px\" \/><p id=\"caption-attachment-211\" class=\"wp-caption-text\"><b>\u015eekil 12.<\/b> Erhu, ayakta da \u00e7al\u0131nabilmektedir.<\/p><\/div>\n<p>&nbsp;<\/p>\n","protected":false},"excerpt":{"rendered":"<p>Erhu G\u00f6rselleri &nbsp; &nbsp; &nbsp;<\/p>\n","protected":false},"author":1,"featured_media":0,"parent":0,"menu_order":0,"comment_status":"closed","ping_status":"closed","template":"","meta":{"footnotes":""},"class_list":["post-208","page","type-page","status-publish","hentry"],"_links":{"self":[{"href":"https:\/\/ertekprojects.com\/erhu\/wp-json\/wp\/v2\/pages\/208","targetHints":{"allow":["GET"]}}],"collection":[{"href":"https:\/\/ertekprojects.com\/erhu\/wp-json\/wp\/v2\/pages"}],"about":[{"href":"https:\/\/ertekprojects.com\/erhu\/wp-json\/wp\/v2\/types\/page"}],"author":[{"embeddable":true,"href":"https:\/\/ertekprojects.com\/erhu\/wp-json\/wp\/v2\/users\/1"}],"replies":[{"embeddable":true,"href":"https:\/\/ertekprojects.com\/erhu\/wp-json\/wp\/v2\/comments?post=208"}],"version-history":[{"count":5,"href":"https:\/\/ertekprojects.com\/erhu\/wp-json\/wp\/v2\/pages\/208\/revisions"}],"predecessor-version":[{"id":261,"href":"https:\/\/ertekprojects.com\/erhu\/wp-json\/wp\/v2\/pages\/208\/revisions\/261"}],"wp:attachment":[{"href":"https:\/\/ertekprojects.com\/erhu\/wp-json\/wp\/v2\/media?parent=208"}],"curies":[{"name":"wp","href":"https:\/\/api.w.org\/{rel}","templated":true}]}}