{"id":4,"date":"2014-07-19T22:26:27","date_gmt":"2014-07-19T22:26:27","guid":{"rendered":"http:\/\/ertekprojects.com\/online-training\/?page_id=4"},"modified":"2022-05-21T16:29:34","modified_gmt":"2022-05-21T16:29:34","slug":"welcome-hosgeldiniz","status":"publish","type":"page","link":"https:\/\/ertekprojects.com\/online-training\/welcome-hosgeldiniz\/","title":{"rendered":"Welcome! &#8211; Ho\u015fgeldiniz!"},"content":{"rendered":"<div>\n<p>Online Training by Dr. G\u00fcrdal Ertek and Colleagues<\/p>\n<p>Welcome to the web site for Online Training by <a title=\"Dr. G\u00fcrdal Ertek's Web Site\" href=\"http:\/\/gurdalertek.org\/\">Dr. G\u00fcrdal Ertek<\/a> and Colleagues!<\/p>\n<p>In this web site, which is designed as a blog, you will find free online training modules in the form of books, videos, and animations. We hope that these free resources will enhance your career and improve you professionally. All the materials are provided under <a title=\"MIT License\" href=\"http:\/\/opensource.org\/licenses\/MIT\">MIT License.<\/a><\/p>\n<p>Please feel free to share your comments and suggestions with <a title=\"Dr. G\u00fcrdal Ertek's Home Page\" href=\"http:\/\/gurdalertek.org\">Dr. G\u00fcrdal Ertek<\/a>!<\/p>\n<p>Best Regards,<\/p>\n<p>G\u00fcrdal Ertek, Ph.D.<\/p>\n<p><a title=\"Dr. G\u00fcrdal Ertek's Home Page\" href=\"http:\/\/gurdalertek.org\">gurdalertek.org<\/a><\/p>\n<p>E-mail: namelastname@gmail.com (please replace namelastname by gurdalertek)<\/p>\n<p><strong>Dr. G\u00fcrdal Ertek @ Social Web:<br \/>\n<\/strong><\/p>\n<p><a href=\"https:\/\/twitter.com\/gurdalertek\" target=\"_blank\" rel=\"https:\/\/twitter.com\/gurdalertek noopener\"><img decoding=\"async\" class=\"alignnone wp-image-253 size-full lazyload\" data-src=\"https:\/\/ertekprojects.com\/online-training\/wp-content\/uploads\/2014\/07\/twitter.png\" alt=\"Dr. G\u00fcrdal Ertek @ Twitter\" width=\"167\" height=\"72\" src=\"data:image\/svg+xml;base64,PHN2ZyB3aWR0aD0iMSIgaGVpZ2h0PSIxIiB4bWxucz0iaHR0cDovL3d3dy53My5vcmcvMjAwMC9zdmciPjwvc3ZnPg==\" style=\"--smush-placeholder-width: 167px; --smush-placeholder-aspect-ratio: 167\/72;\" \/><\/a><a href=\"https:\/\/www.linkedin.com\/pub\/gurdal-ertek\/4\/780\/ba8\" target=\"_blank\" rel=\"https:\/\/www.linkedin.com\/pub\/gurdal-ertek\/4\/780\/ba8 noopener\"><img decoding=\"async\" class=\"alignnone wp-image-254 size-full lazyload\" data-src=\"https:\/\/ertekprojects.com\/online-training\/wp-content\/uploads\/2014\/07\/linkedin.png\" alt=\"Dr. G\u00fcrdal Ertek @ LinkedIn\" width=\"167\" height=\"72\" src=\"data:image\/svg+xml;base64,PHN2ZyB3aWR0aD0iMSIgaGVpZ2h0PSIxIiB4bWxucz0iaHR0cDovL3d3dy53My5vcmcvMjAwMC9zdmciPjwvc3ZnPg==\" style=\"--smush-placeholder-width: 167px; --smush-placeholder-aspect-ratio: 167\/72;\" \/><\/a><\/p>\n<hr \/>\n<p><a title=\"Dr. G\u00fcrdal Ertek's Web Site\" href=\"http:\/\/gurdalertek.org\">Dr. G\u00fcrdal Ertek<\/a>&#8216;in ve Meslekta\u015flar\u0131n\u0131n haz\u0131rlad\u0131\u011f\u0131 \u00c7evrimi\u00e7i E\u011fitim Sitesi&#8217;ne ho\u015fgeldiniz. Blog olarak tasarlanan bu sitede, y\u00f6netim bilim, m\u00fchendislik, ve yaz\u0131l\u0131m konular\u0131nda \u00e7ok say\u0131da e\u011fitim mod\u00fcl\u00fcne \u00fccretsiz ula\u015fabileceksiniz.<\/p>\n<p>Bu e\u011fitim sitesinin sizi kariyerinizde daha ileriye g\u00f6t\u00fcrmesini ve profesyonel geli\u015fiminize katk\u0131da bulunmas\u0131n\u0131 diliyoruz.<\/p>\n<p>Sayg\u0131lar\u0131m\u0131zla,<\/p>\n<p>Dr. G\u00fcrdal Ertek<\/p>\n<p><a title=\"Dr. G\u00fcrdal Ertek'in Web Sitesi\" href=\"http:\/\/gurdalertek.org\">gurdalertek.org<\/a><\/p>\n<p>E-mail: isimsoyisim@gmail.com (isimsoyisim yerine gurdalertek yerle\u015ftiriniz)<\/p>\n<p><strong>Dr. G\u00fcrdal Ertek @ Social Web:<br \/>\n<\/strong><\/p>\n<p><a href=\"https:\/\/twitter.com\/gurdalertek\" target=\"_blank\" rel=\"https:\/\/twitter.com\/gurdalertek noopener\"><img decoding=\"async\" class=\"alignnone wp-image-253 size-full lazyload\" data-src=\"https:\/\/ertekprojects.com\/online-training\/wp-content\/uploads\/2014\/07\/twitter.png\" alt=\"Dr. G\u00fcrdal Ertek @ Twitter\" width=\"167\" height=\"72\" src=\"data:image\/svg+xml;base64,PHN2ZyB3aWR0aD0iMSIgaGVpZ2h0PSIxIiB4bWxucz0iaHR0cDovL3d3dy53My5vcmcvMjAwMC9zdmciPjwvc3ZnPg==\" style=\"--smush-placeholder-width: 167px; --smush-placeholder-aspect-ratio: 167\/72;\" \/><\/a><a href=\"https:\/\/www.linkedin.com\/pub\/gurdal-ertek\/4\/780\/ba8\" target=\"_blank\" rel=\"https:\/\/www.linkedin.com\/pub\/gurdal-ertek\/4\/780\/ba8 noopener\"><img decoding=\"async\" class=\"alignnone wp-image-254 size-full lazyload\" data-src=\"https:\/\/ertekprojects.com\/online-training\/wp-content\/uploads\/2014\/07\/linkedin.png\" alt=\"Dr. G\u00fcrdal Ertek @ LinkedIn\" width=\"167\" height=\"72\" src=\"data:image\/svg+xml;base64,PHN2ZyB3aWR0aD0iMSIgaGVpZ2h0PSIxIiB4bWxucz0iaHR0cDovL3d3dy53My5vcmcvMjAwMC9zdmciPjwvc3ZnPg==\" style=\"--smush-placeholder-width: 167px; --smush-placeholder-aspect-ratio: 167\/72;\" \/><\/a><\/p>\n<\/div>\n","protected":false},"excerpt":{"rendered":"<p>Online Training by Dr. G\u00fcrdal Ertek and Colleagues Welcome to the web site for Online Training by Dr. G\u00fcrdal Ertek and Colleagues! In this web site, which is designed as a blog, you will find free online training modules in the form of books, videos, and animations. We hope that these free resources will enhance [&hellip;]<\/p>\n","protected":false},"author":1,"featured_media":5,"parent":0,"menu_order":0,"comment_status":"closed","ping_status":"closed","template":"","meta":{"footnotes":""},"class_list":["post-4","page","type-page","status-publish","has-post-thumbnail","hentry"],"yoast_head":"<!-- This site is optimized with the Yoast SEO plugin v27.4 - https:\/\/yoast.com\/product\/yoast-seo-wordpress\/ -->\n<title>Welcome - Online Training by Dr. Gurdal Ertek and Colleagues<\/title>\n<meta name=\"description\" content=\"Welcome to the web site for Online Training by Dr. G\u00fcrdal Ertek and Colleagues!n this web site, which is designed as a blog, you will find..\" \/>\n<meta name=\"robots\" content=\"index, follow, max-snippet:-1, max-image-preview:large, max-video-preview:-1\" \/>\n<link rel=\"canonical\" href=\"https:\/\/ertekprojects.com\/online-training\/welcome-hosgeldiniz\/\" \/>\n<meta property=\"og:locale\" content=\"en_US\" \/>\n<meta property=\"og:type\" content=\"article\" \/>\n<meta property=\"og:title\" content=\"Welcome - Online Training by Dr. Gurdal Ertek and Colleagues\" \/>\n<meta property=\"og:description\" content=\"Welcome to the web site for Online Training by Dr. G\u00fcrdal Ertek and Colleagues!n this web site, which is designed as a blog, you will find..\" \/>\n<meta property=\"og:url\" content=\"https:\/\/ertekprojects.com\/online-training\/welcome-hosgeldiniz\/\" \/>\n<meta property=\"og:site_name\" content=\"Online Training by Dr. Gurdal Ertek and Colleagues\" \/>\n<meta property=\"article:modified_time\" content=\"2022-05-21T16:29:34+00:00\" \/>\n<meta property=\"og:image\" content=\"https:\/\/ertekprojects.com\/online-training\/wp-content\/uploads\/2014\/07\/iStock_000004107455Small.jpg\" \/>\n\t<meta property=\"og:image:width\" content=\"848\" \/>\n\t<meta property=\"og:image:height\" content=\"566\" \/>\n\t<meta property=\"og:image:type\" content=\"image\/jpeg\" \/>\n<meta name=\"twitter:card\" content=\"summary_large_image\" \/>\n<meta name=\"twitter:label1\" content=\"Est. reading time\" \/>\n\t<meta name=\"twitter:data1\" content=\"2 minutes\" \/>\n<script type=\"application\/ld+json\" class=\"yoast-schema-graph\">{\"@context\":\"https:\\\/\\\/schema.org\",\"@graph\":[{\"@type\":\"WebPage\",\"@id\":\"https:\\\/\\\/ertekprojects.com\\\/online-training\\\/welcome-hosgeldiniz\\\/\",\"url\":\"https:\\\/\\\/ertekprojects.com\\\/online-training\\\/welcome-hosgeldiniz\\\/\",\"name\":\"Welcome - Online Training by Dr. Gurdal Ertek and Colleagues\",\"isPartOf\":{\"@id\":\"https:\\\/\\\/ertekprojects.com\\\/online-training\\\/#website\"},\"primaryImageOfPage\":{\"@id\":\"https:\\\/\\\/ertekprojects.com\\\/online-training\\\/welcome-hosgeldiniz\\\/#primaryimage\"},\"image\":{\"@id\":\"https:\\\/\\\/ertekprojects.com\\\/online-training\\\/welcome-hosgeldiniz\\\/#primaryimage\"},\"thumbnailUrl\":\"https:\\\/\\\/ertekprojects.com\\\/online-training\\\/wp-content\\\/uploads\\\/2014\\\/07\\\/iStock_000004107455Small.jpg\",\"datePublished\":\"2014-07-19T22:26:27+00:00\",\"dateModified\":\"2022-05-21T16:29:34+00:00\",\"description\":\"Welcome to the web site for Online Training by Dr. G\u00fcrdal Ertek and Colleagues!n this web site, which is designed as a blog, you will find..\",\"breadcrumb\":{\"@id\":\"https:\\\/\\\/ertekprojects.com\\\/online-training\\\/welcome-hosgeldiniz\\\/#breadcrumb\"},\"inLanguage\":\"en-US\",\"potentialAction\":[{\"@type\":\"ReadAction\",\"target\":[\"https:\\\/\\\/ertekprojects.com\\\/online-training\\\/welcome-hosgeldiniz\\\/\"]}]},{\"@type\":\"ImageObject\",\"inLanguage\":\"en-US\",\"@id\":\"https:\\\/\\\/ertekprojects.com\\\/online-training\\\/welcome-hosgeldiniz\\\/#primaryimage\",\"url\":\"https:\\\/\\\/ertekprojects.com\\\/online-training\\\/wp-content\\\/uploads\\\/2014\\\/07\\\/iStock_000004107455Small.jpg\",\"contentUrl\":\"https:\\\/\\\/ertekprojects.com\\\/online-training\\\/wp-content\\\/uploads\\\/2014\\\/07\\\/iStock_000004107455Small.jpg\",\"width\":848,\"height\":566,\"caption\":\"Online Training by Dr. G\u00fcrdal Ertek and Colleagues\"},{\"@type\":\"BreadcrumbList\",\"@id\":\"https:\\\/\\\/ertekprojects.com\\\/online-training\\\/welcome-hosgeldiniz\\\/#breadcrumb\",\"itemListElement\":[{\"@type\":\"ListItem\",\"position\":1,\"name\":\"Home\",\"item\":\"https:\\\/\\\/ertekprojects.com\\\/online-training\\\/\"},{\"@type\":\"ListItem\",\"position\":2,\"name\":\"Welcome! &#8211; Ho\u015fgeldiniz!\"}]},{\"@type\":\"WebSite\",\"@id\":\"https:\\\/\\\/ertekprojects.com\\\/online-training\\\/#website\",\"url\":\"https:\\\/\\\/ertekprojects.com\\\/online-training\\\/\",\"name\":\"Online Training by Dr. Gurdal Ertek and Colleagues\",\"description\":\"\",\"potentialAction\":[{\"@type\":\"SearchAction\",\"target\":{\"@type\":\"EntryPoint\",\"urlTemplate\":\"https:\\\/\\\/ertekprojects.com\\\/online-training\\\/?s={search_term_string}\"},\"query-input\":{\"@type\":\"PropertyValueSpecification\",\"valueRequired\":true,\"valueName\":\"search_term_string\"}}],\"inLanguage\":\"en-US\"}]}<\/script>\n<!-- \/ Yoast SEO plugin. -->","yoast_head_json":{"title":"Welcome - Online Training by Dr. Gurdal Ertek and Colleagues","description":"Welcome to the web site for Online Training by Dr. G\u00fcrdal Ertek and Colleagues!n this web site, which is designed as a blog, you will find..","robots":{"index":"index","follow":"follow","max-snippet":"max-snippet:-1","max-image-preview":"max-image-preview:large","max-video-preview":"max-video-preview:-1"},"canonical":"https:\/\/ertekprojects.com\/online-training\/welcome-hosgeldiniz\/","og_locale":"en_US","og_type":"article","og_title":"Welcome - Online Training by Dr. Gurdal Ertek and Colleagues","og_description":"Welcome to the web site for Online Training by Dr. G\u00fcrdal Ertek and Colleagues!n this web site, which is designed as a blog, you will find..","og_url":"https:\/\/ertekprojects.com\/online-training\/welcome-hosgeldiniz\/","og_site_name":"Online Training by Dr. Gurdal Ertek and Colleagues","article_modified_time":"2022-05-21T16:29:34+00:00","og_image":[{"width":848,"height":566,"url":"https:\/\/ertekprojects.com\/online-training\/wp-content\/uploads\/2014\/07\/iStock_000004107455Small.jpg","type":"image\/jpeg"}],"twitter_card":"summary_large_image","twitter_misc":{"Est. reading time":"2 minutes"},"schema":{"@context":"https:\/\/schema.org","@graph":[{"@type":"WebPage","@id":"https:\/\/ertekprojects.com\/online-training\/welcome-hosgeldiniz\/","url":"https:\/\/ertekprojects.com\/online-training\/welcome-hosgeldiniz\/","name":"Welcome - Online Training by Dr. Gurdal Ertek and Colleagues","isPartOf":{"@id":"https:\/\/ertekprojects.com\/online-training\/#website"},"primaryImageOfPage":{"@id":"https:\/\/ertekprojects.com\/online-training\/welcome-hosgeldiniz\/#primaryimage"},"image":{"@id":"https:\/\/ertekprojects.com\/online-training\/welcome-hosgeldiniz\/#primaryimage"},"thumbnailUrl":"https:\/\/ertekprojects.com\/online-training\/wp-content\/uploads\/2014\/07\/iStock_000004107455Small.jpg","datePublished":"2014-07-19T22:26:27+00:00","dateModified":"2022-05-21T16:29:34+00:00","description":"Welcome to the web site for Online Training by Dr. G\u00fcrdal Ertek and Colleagues!n this web site, which is designed as a blog, you will find..","breadcrumb":{"@id":"https:\/\/ertekprojects.com\/online-training\/welcome-hosgeldiniz\/#breadcrumb"},"inLanguage":"en-US","potentialAction":[{"@type":"ReadAction","target":["https:\/\/ertekprojects.com\/online-training\/welcome-hosgeldiniz\/"]}]},{"@type":"ImageObject","inLanguage":"en-US","@id":"https:\/\/ertekprojects.com\/online-training\/welcome-hosgeldiniz\/#primaryimage","url":"https:\/\/ertekprojects.com\/online-training\/wp-content\/uploads\/2014\/07\/iStock_000004107455Small.jpg","contentUrl":"https:\/\/ertekprojects.com\/online-training\/wp-content\/uploads\/2014\/07\/iStock_000004107455Small.jpg","width":848,"height":566,"caption":"Online Training by Dr. G\u00fcrdal Ertek and Colleagues"},{"@type":"BreadcrumbList","@id":"https:\/\/ertekprojects.com\/online-training\/welcome-hosgeldiniz\/#breadcrumb","itemListElement":[{"@type":"ListItem","position":1,"name":"Home","item":"https:\/\/ertekprojects.com\/online-training\/"},{"@type":"ListItem","position":2,"name":"Welcome! &#8211; Ho\u015fgeldiniz!"}]},{"@type":"WebSite","@id":"https:\/\/ertekprojects.com\/online-training\/#website","url":"https:\/\/ertekprojects.com\/online-training\/","name":"Online Training by Dr. Gurdal Ertek and Colleagues","description":"","potentialAction":[{"@type":"SearchAction","target":{"@type":"EntryPoint","urlTemplate":"https:\/\/ertekprojects.com\/online-training\/?s={search_term_string}"},"query-input":{"@type":"PropertyValueSpecification","valueRequired":true,"valueName":"search_term_string"}}],"inLanguage":"en-US"}]}},"_links":{"self":[{"href":"https:\/\/ertekprojects.com\/online-training\/wp-json\/wp\/v2\/pages\/4","targetHints":{"allow":["GET"]}}],"collection":[{"href":"https:\/\/ertekprojects.com\/online-training\/wp-json\/wp\/v2\/pages"}],"about":[{"href":"https:\/\/ertekprojects.com\/online-training\/wp-json\/wp\/v2\/types\/page"}],"author":[{"embeddable":true,"href":"https:\/\/ertekprojects.com\/online-training\/wp-json\/wp\/v2\/users\/1"}],"replies":[{"embeddable":true,"href":"https:\/\/ertekprojects.com\/online-training\/wp-json\/wp\/v2\/comments?post=4"}],"version-history":[{"count":4,"href":"https:\/\/ertekprojects.com\/online-training\/wp-json\/wp\/v2\/pages\/4\/revisions"}],"predecessor-version":[{"id":828,"href":"https:\/\/ertekprojects.com\/online-training\/wp-json\/wp\/v2\/pages\/4\/revisions\/828"}],"wp:featuredmedia":[{"embeddable":true,"href":"https:\/\/ertekprojects.com\/online-training\/wp-json\/wp\/v2\/media\/5"}],"wp:attachment":[{"href":"https:\/\/ertekprojects.com\/online-training\/wp-json\/wp\/v2\/media?parent=4"}],"curies":[{"name":"wp","href":"https:\/\/api.w.org\/{rel}","templated":true}]}}