{"id":371,"date":"2014-08-12T07:32:05","date_gmt":"2014-08-12T07:32:05","guid":{"rendered":"http:\/\/ertekprojects.com\/universitemotivasyon\/?page_id=371"},"modified":"2022-04-09T15:49:15","modified_gmt":"2022-04-09T15:49:15","slug":"iletisim","status":"publish","type":"page","link":"https:\/\/ertekprojects.com\/universitemotivasyon\/iletisim\/","title":{"rendered":"\u0130leti\u015fim"},"content":{"rendered":"<div>isimsoyisim@gmail.com (isimsoyisim yerine gurdalertek yerle\u015ftiriniz)<\/div>\n<div><\/div>\n<div>Emailinize yan\u0131t alamazsan\u0131z bu durumun Dr. Ertek&#8217;in i\u015f yo\u011funlu\u011fundan kaynakland\u0131\u011f\u0131n\u0131 bilmenizi isteriz.<\/div>\n<div><\/div>\n<div><\/div>\n<div><strong>ErtekProjects.com&#8217;u Facebook&#8217;tan &#8220;Like&#8221; ederek takip edebilirsiniz:<\/strong><\/div>\n<div>\n<p><a title=\"UniversiteMotivasyon.com - Facebook Sayfas\u0131\" href=\"https:\/\/www.facebook.com\/Ertek-Projects-128530507808290\/\" target=\"_blank\" rel=\"noopener noreferrer\"><img loading=\"lazy\" decoding=\"async\" class=\"alignnone size-full wp-image-336\" src=\"https:\/\/ertekprojects.com\/universitemotivasyon\/wp-content\/uploads\/2014\/07\/facebook.png\" alt=\"UniversiteMotivasyon.com'u Facebook'tan takip ediniz!\" width=\"167\" height=\"72\" srcset=\"https:\/\/ertekprojects.com\/universitemotivasyon\/wp-content\/uploads\/2014\/07\/facebook.png 167w, https:\/\/ertekprojects.com\/universitemotivasyon\/wp-content\/uploads\/2014\/07\/facebook-15x6.png 15w\" sizes=\"auto, (max-width: 167px) 100vw, 167px\" \/><\/a><\/p>\n<p><strong>ErtekProjects.com&#8217;u Twitter&#8217;dan &#8220;Follow&#8221;a t\u0131klayarak takip edebilirsiniz:<\/strong><\/p>\n<p><a title=\"UniversiteMotivasyon.com - Twitter Sayfas\u0131\" href=\"http:\/\/twitter.com\/ErtekProjects\" target=\"_blank\" rel=\"noopener noreferrer\"><img loading=\"lazy\" decoding=\"async\" class=\"alignnone wp-image-337 size-full\" src=\"https:\/\/ertekprojects.com\/universitemotivasyon\/wp-content\/uploads\/2014\/07\/twitter.png\" alt=\"ErtekProjects.com'u Twitter'dan takip ediniz!\" width=\"167\" height=\"72\" srcset=\"https:\/\/ertekprojects.com\/universitemotivasyon\/wp-content\/uploads\/2014\/07\/twitter.png 167w, https:\/\/ertekprojects.com\/universitemotivasyon\/wp-content\/uploads\/2014\/07\/twitter-15x6.png 15w\" sizes=\"auto, (max-width: 167px) 100vw, 167px\" \/><\/a><\/p>\n<\/div>\n","protected":false},"excerpt":{"rendered":"<p>isimsoyisim@gmail.com (isimsoyisim yerine gurdalertek yerle\u015ftiriniz) Emailinize yan\u0131t alamazsan\u0131z bu durumun Dr. Ertek&#8217;in i\u015f yo\u011funlu\u011fundan kaynakland\u0131\u011f\u0131n\u0131 bilmenizi isteriz. ErtekProjects.com&#8217;u Facebook&#8217;tan &#8220;Like&#8221; ederek takip edebilirsiniz: ErtekProjects.com&#8217;u Twitter&#8217;dan &#8220;Follow&#8221;a t\u0131klayarak takip edebilirsiniz:<\/p>\n","protected":false},"author":1,"featured_media":0,"parent":0,"menu_order":0,"comment_status":"closed","ping_status":"closed","template":"","meta":{"site-container-style":"default","site-container-layout":"default","site-sidebar-layout":"default","disable-article-header":"default","disable-site-header":"default","disable-site-footer":"default","disable-content-area-spacing":"default","footnotes":""},"class_list":["post-371","page","type-page","status-publish","hentry"],"_links":{"self":[{"href":"https:\/\/ertekprojects.com\/universitemotivasyon\/wp-json\/wp\/v2\/pages\/371","targetHints":{"allow":["GET"]}}],"collection":[{"href":"https:\/\/ertekprojects.com\/universitemotivasyon\/wp-json\/wp\/v2\/pages"}],"about":[{"href":"https:\/\/ertekprojects.com\/universitemotivasyon\/wp-json\/wp\/v2\/types\/page"}],"author":[{"embeddable":true,"href":"https:\/\/ertekprojects.com\/universitemotivasyon\/wp-json\/wp\/v2\/users\/1"}],"replies":[{"embeddable":true,"href":"https:\/\/ertekprojects.com\/universitemotivasyon\/wp-json\/wp\/v2\/comments?post=371"}],"version-history":[{"count":1,"href":"https:\/\/ertekprojects.com\/universitemotivasyon\/wp-json\/wp\/v2\/pages\/371\/revisions"}],"predecessor-version":[{"id":901,"href":"https:\/\/ertekprojects.com\/universitemotivasyon\/wp-json\/wp\/v2\/pages\/371\/revisions\/901"}],"wp:attachment":[{"href":"https:\/\/ertekprojects.com\/universitemotivasyon\/wp-json\/wp\/v2\/media?parent=371"}],"curies":[{"name":"wp","href":"https:\/\/api.w.org\/{rel}","templated":true}]}}