{"id":383,"date":"2017-09-15T14:10:17","date_gmt":"2017-09-15T14:10:17","guid":{"rendered":"http:\/\/ertekprojects.com\/universitemotivasyon\/?page_id=383"},"modified":"2022-04-09T15:45:54","modified_gmt":"2022-04-09T15:45:54","slug":"homepage","status":"publish","type":"page","link":"https:\/\/ertekprojects.com\/universitemotivasyon\/homepage\/","title":{"rendered":"UniversiteMotivasyon.com"},"content":{"rendered":"<div>\n<div id=\"pl-383\" class=\"panel-layout\">\n<div id=\"pg-383-0\" class=\"panel-grid panel-no-style\" data-style=\"{&quot;background_display&quot;:&quot;tile&quot;,&quot;sticky_row&quot;:&quot;&quot;,&quot;cell_alignment&quot;:&quot;flex-start&quot;}\">\n<div id=\"pgc-383-0-0\" class=\"panel-grid-cell\" data-weight=\"1\">\n<div id=\"panel-383-0-0-0\" class=\"so-panel widget widget_posts_widget panel-first-child panel-last-child\" data-index=\"0\" data-style=\"{&quot;background_display&quot;:&quot;tile&quot;}\">\n<h2 class=\"heading\"><\/h2>\n<div>\n<div class=\"row\">\n<div class=\"col-md-4 \">\n<div class=\"poster poster-normal size-normal size-350\">\n<p>&nbsp;<\/p>\n<div class=\"mt-post-image\">\n<div class=\"mt-post-image-background\" style=\"background-image: url('https:\/\/ertekprojects.com\/universitemotivasyon\/wp-content\/uploads\/2014\/07\/twitter.png');\"><\/div>\n<p><img loading=\"lazy\" decoding=\"async\" class=\"lazy\" src=\"data:image\/gif;base64,R0lGODlhAQABAIAAAAAAAP\/\/\/yH5BAEAAAAALAAAAAABAAEAAAIBRAA7\" alt=\"Motive Edici Filmler \u2013 T\u00fcrkiye\u2019den \u00d6yk\u00fcler\" width=\"480\" height=\"480\" data-src=\"https:\/\/ertekprojects.com\/universitemotivasyon\/wp-content\/uploads\/2014\/07\/twitter.png\" \/><\/p>\n<\/div>\n<p>&nbsp;<\/p>\n<div class=\"poster-info mt-theme-background\">\n<div class=\"poster-cat\">Uncategorized<\/div>\n<\/div>\n<p>&nbsp;<\/p>\n<div class=\"poster-content-wrap\">\n<p>&nbsp;<\/p>\n<h2>Motive Edici Filmler \u2013 T\u00fcrkiye\u2019den \u00d6yk\u00fcler<\/h2>\n<p><small class=\"mt-pl\"><strong class=\"mt-pl-a\">admin<\/strong><span class=\"color-silver-light mt-ml\"> &#8211; <\/span><span class=\"color-silver-light mt-pl-d\">July 25, 2014<\/span><\/small><\/p>\n<\/div>\n<\/div>\n<\/div>\n<div class=\"col-md-4 \">\n<div class=\"poster poster-normal size-normal size-350\">\n<p>&nbsp;<\/p>\n<div class=\"mt-post-image\">\n<div class=\"mt-post-image-background\" style=\"background-image: url('https:\/\/ertekprojects.com\/universitemotivasyon\/wp-content\/uploads\/2014\/07\/iStock_000001597092XSmall.jpg');\"><\/div>\n<p><img loading=\"lazy\" decoding=\"async\" class=\"lazy\" src=\"data:image\/gif;base64,R0lGODlhAQABAIAAAAAAAP\/\/\/yH5BAEAAAAALAAAAAABAAEAAAIBRAA7\" alt=\"Motive Edici Filmler \u2013 Motivasyon \u00d6\u011fesi \u0130\u00e7eren Hollywood Filmleri\" width=\"480\" height=\"480\" data-src=\"https:\/\/ertekprojects.com\/universitemotivasyon\/wp-content\/uploads\/2014\/07\/iStock_000001597092XSmall.jpg\" \/><\/p>\n<\/div>\n<p>&nbsp;<\/p>\n<div class=\"poster-info mt-theme-background\">\n<div class=\"poster-cat\">Uncategorized<\/div>\n<\/div>\n<p>&nbsp;<\/p>\n<div class=\"poster-content-wrap\">\n<p>&nbsp;<\/p>\n<h2>Motive Edici Filmler \u2013 Motivasyon \u00d6\u011fesi \u0130\u00e7eren Hollywood Filmleri<\/h2>\n<p><small class=\"mt-pl\"><strong class=\"mt-pl-a\">admin<\/strong><span class=\"color-silver-light mt-ml\"> &#8211; <\/span><span class=\"color-silver-light mt-pl-d\">July 25, 2014<\/span><\/small><\/p>\n<\/div>\n<\/div>\n<\/div>\n<div class=\"col-md-4 \">\n<div class=\"poster poster-normal size-normal size-350\">\n<p>&nbsp;<\/p>\n<div class=\"mt-post-image\">\n<div class=\"mt-post-image-background\" style=\"background-image: url('https:\/\/ertekprojects.com\/universitemotivasyon\/wp-content\/uploads\/2014\/07\/iStock_000008431833XSmall.jpg');\"><\/div>\n<p><img loading=\"lazy\" decoding=\"async\" class=\"lazy\" src=\"data:image\/gif;base64,R0lGODlhAQABAIAAAAAAAP\/\/\/yH5BAEAAAAALAAAAAABAAEAAAIBRAA7\" alt=\"Motive Edici Filmler \u2013 Bilim \u0130nsanlar\u0131n\u0131n \u00d6yk\u00fcleri\" width=\"480\" height=\"480\" data-src=\"https:\/\/ertekprojects.com\/universitemotivasyon\/wp-content\/uploads\/2014\/07\/iStock_000008431833XSmall.jpg\" \/><\/p>\n<\/div>\n<p>&nbsp;<\/p>\n<div class=\"poster-info mt-theme-background\">\n<div class=\"poster-cat\">Uncategorized<\/div>\n<\/div>\n<p>&nbsp;<\/p>\n<div class=\"poster-content-wrap\">\n<p>&nbsp;<\/p>\n<h2>Motive Edici Filmler \u2013 Bilim \u0130nsanlar\u0131n\u0131n \u00d6yk\u00fcleri<\/h2>\n<p><small class=\"mt-pl\"><strong class=\"mt-pl-a\">admin<\/strong><span class=\"color-silver-light mt-ml\"> &#8211; <\/span><span class=\"color-silver-light mt-pl-d\">July 25, 2014<\/span><\/small><\/p>\n<\/div>\n<\/div>\n<\/div>\n<\/div>\n<div class=\"row\">\n<div class=\"col-md-4 \">\n<div class=\"poster poster-normal size-normal size-350\">\n<p>&nbsp;<\/p>\n<div class=\"mt-post-image\">\n<div class=\"mt-post-image-background\" style=\"background-image: url('https:\/\/ertekprojects.com\/universitemotivasyon\/wp-content\/uploads\/2014\/07\/iStock_000001616993XSmall-Copy.jpg');\"><\/div>\n<p><img loading=\"lazy\" decoding=\"async\" class=\"lazy\" src=\"data:image\/gif;base64,R0lGODlhAQABAIAAAAAAAP\/\/\/yH5BAEAAAAALAAAAAABAAEAAAIBRAA7\" alt=\"Sabanc\u0131 \u00dcniversitesi \u00d6\u011frencilerinin Tercih Etti\u011fi Motivasyon Y\u00f6ntemleri\" width=\"480\" height=\"480\" data-src=\"https:\/\/ertekprojects.com\/universitemotivasyon\/wp-content\/uploads\/2014\/07\/iStock_000001616993XSmall-Copy.jpg\" \/><\/p>\n<\/div>\n<p>&nbsp;<\/p>\n<div class=\"poster-info mt-theme-background\">\n<div class=\"poster-cat\">Uncategorized<\/div>\n<\/div>\n<p>&nbsp;<\/p>\n<div class=\"poster-content-wrap\">\n<p>&nbsp;<\/p>\n<h2>Sabanc\u0131 \u00dcniversitesi \u00d6\u011frencilerinin Tercih Etti\u011fi Motivasyon Y\u00f6ntemleri<\/h2>\n<p><small class=\"mt-pl\"><strong class=\"mt-pl-a\">admin<\/strong><span class=\"color-silver-light mt-ml\"> &#8211; <\/span><span class=\"color-silver-light mt-pl-d\">July 25, 2014<\/span><\/small><\/p>\n<\/div>\n<\/div>\n<\/div>\n<div class=\"col-md-4 \">\n<div class=\"poster poster-normal size-normal size-350\">\n<p>&nbsp;<\/p>\n<div class=\"mt-post-image\">\n<div class=\"mt-post-image-background\" style=\"background-image: url('https:\/\/ertekprojects.com\/universitemotivasyon\/wp-content\/uploads\/2014\/07\/takdir_etmek.png');\"><\/div>\n<p><img loading=\"lazy\" decoding=\"async\" class=\"lazy\" src=\"data:image\/gif;base64,R0lGODlhAQABAIAAAAAAAP\/\/\/yH5BAEAAAAALAAAAAABAAEAAAIBRAA7\" alt=\"Motivasyon Ekibi\u2019nden Motivasyon Y\u00f6ntemleri \u2013 Takdir Etmek ve De\u011fer Vermek\" width=\"480\" height=\"480\" data-src=\"https:\/\/ertekprojects.com\/universitemotivasyon\/wp-content\/uploads\/2014\/07\/takdir_etmek.png\" \/><\/p>\n<\/div>\n<p>&nbsp;<\/p>\n<div class=\"poster-info mt-theme-background\">\n<div class=\"poster-cat\">Uncategorized<\/div>\n<div class=\"poster-data color-silver-light\"><span class=\"poster-views\">1 <span class=\"mt-data-text\">views<\/span><\/span><\/div>\n<\/div>\n<p>&nbsp;<\/p>\n<div class=\"poster-data color-silver-light\"><span class=\"poster-views\">1 <span class=\"mt-data-text\">views<\/span><\/span><\/div>\n<div class=\"poster-content-wrap\">\n<p>&nbsp;<\/p>\n<h2>Motivasyon Ekibi\u2019nden Motivasyon Y\u00f6ntemleri \u2013 Takdir Etmek ve De\u011fer Vermek<\/h2>\n<p><small class=\"mt-pl\"><strong class=\"mt-pl-a\">admin<\/strong><span class=\"color-silver-light mt-ml\"> &#8211; <\/span><span class=\"color-silver-light mt-pl-d\">July 25, 2014<\/span><\/small><\/p>\n<\/div>\n<\/div>\n<\/div>\n<div class=\"col-md-4 \">\n<div class=\"poster poster-normal size-normal size-350\">\n<p>&nbsp;<\/p>\n<div class=\"mt-post-image\">\n<div class=\"mt-post-image-background\" style=\"background-image: url('https:\/\/ertekprojects.com\/universitemotivasyon\/wp-content\/uploads\/2014\/07\/calisma_ortami.png');\"><\/div>\n<p><img loading=\"lazy\" decoding=\"async\" class=\"lazy\" src=\"data:image\/gif;base64,R0lGODlhAQABAIAAAAAAAP\/\/\/yH5BAEAAAAALAAAAAABAAEAAAIBRAA7\" alt=\"Motivasyon Ekibi\u2019nden Motivasyon Y\u00f6ntemleri \u2013 \u00c7al\u0131\u015fma Ortam\u0131 ve Sosyal Ortam\" width=\"480\" height=\"480\" data-src=\"https:\/\/ertekprojects.com\/universitemotivasyon\/wp-content\/uploads\/2014\/07\/calisma_ortami.png\" \/><\/p>\n<\/div>\n<p>&nbsp;<\/p>\n<div class=\"poster-info mt-theme-background\">\n<div class=\"poster-cat\">Uncategorized<\/div>\n<\/div>\n<p>&nbsp;<\/p>\n<div class=\"poster-content-wrap\">\n<p>&nbsp;<\/p>\n<h2>Motivasyon Ekibi\u2019nden Motivasyon Y\u00f6ntemleri \u2013 \u00c7al\u0131\u015fma Ortam\u0131 ve Sosyal Ortam<\/h2>\n<p><small class=\"mt-pl\"><strong class=\"mt-pl-a\">admin<\/strong><span class=\"color-silver-light mt-ml\"> &#8211; <\/span><span class=\"color-silver-light mt-pl-d\">July 25, 2014<\/span><\/small><\/p>\n<\/div>\n<\/div>\n<\/div>\n<\/div>\n<div class=\"row\">\n<div class=\"col-md-4 \">\n<div class=\"poster poster-normal size-normal size-350\">\n<p>&nbsp;<\/p>\n<div class=\"mt-post-image\">\n<div class=\"mt-post-image-background\" style=\"background-image: url('https:\/\/ertekprojects.com\/universitemotivasyon\/wp-content\/uploads\/2014\/07\/odullendirmek.png');\"><\/div>\n<p><img loading=\"lazy\" decoding=\"async\" class=\"lazy\" src=\"data:image\/gif;base64,R0lGODlhAQABAIAAAAAAAP\/\/\/yH5BAEAAAAALAAAAAABAAEAAAIBRAA7\" alt=\"Motivasyon Ekibi\u2019nden Motivasyon Y\u00f6ntemleri \u2013 \u00d6d\u00fcllendirmek\" width=\"480\" height=\"480\" data-src=\"https:\/\/ertekprojects.com\/universitemotivasyon\/wp-content\/uploads\/2014\/07\/odullendirmek.png\" \/><\/p>\n<\/div>\n<p>&nbsp;<\/p>\n<div class=\"poster-info mt-theme-background\">\n<div class=\"poster-cat\">Uncategorized<\/div>\n<\/div>\n<p>&nbsp;<\/p>\n<div class=\"poster-content-wrap\">\n<p>&nbsp;<\/p>\n<h2>Motivasyon Ekibi\u2019nden Motivasyon Y\u00f6ntemleri \u2013 \u00d6d\u00fcllendirmek<\/h2>\n<p><small class=\"mt-pl\"><strong class=\"mt-pl-a\">admin<\/strong><span class=\"color-silver-light mt-ml\"> &#8211; <\/span><span class=\"color-silver-light mt-pl-d\">July 25, 2014<\/span><\/small><\/p>\n<\/div>\n<\/div>\n<\/div>\n<div class=\"col-md-4 \">\n<div class=\"poster poster-normal size-normal size-350\">\n<p>&nbsp;<\/p>\n<div class=\"mt-post-image\">\n<div class=\"mt-post-image-background\" style=\"background-image: url('https:\/\/ertekprojects.com\/universitemotivasyon\/wp-content\/uploads\/2014\/07\/prestij.png');\"><\/div>\n<p><img loading=\"lazy\" decoding=\"async\" class=\"lazy\" src=\"data:image\/gif;base64,R0lGODlhAQABAIAAAAAAAP\/\/\/yH5BAEAAAAALAAAAAABAAEAAAIBRAA7\" alt=\"T\u00fcrkiye\u2019ye \u00d6zg\u00fc Motivasyon Y\u00f6ntemleri \u2013 Prestij ve Kariyer Geli\u015fimi\" width=\"480\" height=\"480\" data-src=\"https:\/\/ertekprojects.com\/universitemotivasyon\/wp-content\/uploads\/2014\/07\/prestij.png\" \/><\/p>\n<\/div>\n<p>&nbsp;<\/p>\n<div class=\"poster-info mt-theme-background\">\n<div class=\"poster-cat\">Uncategorized<\/div>\n<\/div>\n<p>&nbsp;<\/p>\n<div class=\"poster-content-wrap\">\n<p>&nbsp;<\/p>\n<h2>T\u00fcrkiye\u2019ye \u00d6zg\u00fc Motivasyon Y\u00f6ntemleri \u2013 Prestij ve Kariyer Geli\u015fimi<\/h2>\n<p><small class=\"mt-pl\"><strong class=\"mt-pl-a\">admin<\/strong><span class=\"color-silver-light mt-ml\"> &#8211; <\/span><span class=\"color-silver-light mt-pl-d\">July 25, 2014<\/span><\/small><\/p>\n<\/div>\n<\/div>\n<\/div>\n<div class=\"col-md-4 \">\n<div class=\"poster poster-normal size-normal size-350\">\n<p>&nbsp;<\/p>\n<div class=\"mt-post-image\">\n<div class=\"mt-post-image-background\" style=\"background-image: url('https:\/\/ertekprojects.com\/universitemotivasyon\/wp-content\/uploads\/2014\/07\/iStock_000005443011XSmall-Copy.jpg');\"><\/div>\n<p><img loading=\"lazy\" decoding=\"async\" class=\"lazy\" src=\"data:image\/gif;base64,R0lGODlhAQABAIAAAAAAAP\/\/\/yH5BAEAAAAALAAAAAABAAEAAAIBRAA7\" alt=\"T\u00fcrkiye\u2019ye \u00d6zg\u00fc Motivasyon Y\u00f6ntemleri \u2013 Takdir Etmek ve De\u011fer Vermek\" width=\"480\" height=\"480\" data-src=\"https:\/\/ertekprojects.com\/universitemotivasyon\/wp-content\/uploads\/2014\/07\/iStock_000005443011XSmall-Copy.jpg\" \/><\/p>\n<\/div>\n<p>&nbsp;<\/p>\n<div class=\"poster-info mt-theme-background\">\n<div class=\"poster-cat\">Uncategorized<\/div>\n<\/div>\n<p>&nbsp;<\/p>\n<div class=\"poster-content-wrap\">\n<p>&nbsp;<\/p>\n<h2>T\u00fcrkiye\u2019ye \u00d6zg\u00fc Motivasyon Y\u00f6ntemleri \u2013 Takdir Etmek ve De\u011fer Vermek<\/h2>\n<p><small class=\"mt-pl\"><strong class=\"mt-pl-a\">admin<\/strong><span class=\"color-silver-light mt-ml\"> &#8211; <\/span><span class=\"color-silver-light mt-pl-d\">July 25, 2014<\/span><\/small><\/p>\n<\/div>\n<\/div>\n<\/div>\n<\/div>\n<\/div>\n<div class=\"pagination\"><span class=\"page-numbers current\">1<\/span><br \/>\n<a class=\"page-numbers\" href=\"https:\/\/ertekprojects.com\/universitemotivasyon\/wp-admin\/post.php\/?paged=2\">2<\/a><br \/>\n<a class=\"page-numbers\" href=\"https:\/\/ertekprojects.com\/universitemotivasyon\/wp-admin\/post.php\/?paged=3\">3<\/a><br \/>\n<span class=\"page-numbers dots\">\u2026<\/span><br \/>\n<a class=\"page-numbers\" href=\"https:\/\/ertekprojects.com\/universitemotivasyon\/wp-admin\/post.php\/?paged=11\">11<\/a><\/div>\n<\/div>\n<\/div>\n<\/div>\n<\/div>\n<\/div>\n","protected":false},"excerpt":{"rendered":"<p>&nbsp; &nbsp; Uncategorized &nbsp; &nbsp; Motive Edici Filmler \u2013 T\u00fcrkiye\u2019den \u00d6yk\u00fcler admin &#8211; July 25, 2014 &nbsp; &nbsp; Uncategorized &nbsp; &nbsp; Motive Edici Filmler \u2013 Motivasyon \u00d6\u011fesi \u0130\u00e7eren Hollywood Filmleri admin &#8211; July 25, 2014 &nbsp; &nbsp; Uncategorized &nbsp; &nbsp; Motive Edici Filmler \u2013 Bilim \u0130nsanlar\u0131n\u0131n \u00d6yk\u00fcleri admin &#8211; July 25, 2014 &nbsp; &nbsp; Uncategorized [&hellip;]<\/p>\n","protected":false},"author":1,"featured_media":0,"parent":0,"menu_order":0,"comment_status":"closed","ping_status":"closed","template":"","meta":{"site-container-style":"default","site-container-layout":"default","site-sidebar-layout":"default","disable-article-header":"default","disable-site-header":"default","disable-site-footer":"default","disable-content-area-spacing":"default","footnotes":""},"class_list":["post-383","page","type-page","status-publish","hentry"],"_links":{"self":[{"href":"https:\/\/ertekprojects.com\/universitemotivasyon\/wp-json\/wp\/v2\/pages\/383","targetHints":{"allow":["GET"]}}],"collection":[{"href":"https:\/\/ertekprojects.com\/universitemotivasyon\/wp-json\/wp\/v2\/pages"}],"about":[{"href":"https:\/\/ertekprojects.com\/universitemotivasyon\/wp-json\/wp\/v2\/types\/page"}],"author":[{"embeddable":true,"href":"https:\/\/ertekprojects.com\/universitemotivasyon\/wp-json\/wp\/v2\/users\/1"}],"replies":[{"embeddable":true,"href":"https:\/\/ertekprojects.com\/universitemotivasyon\/wp-json\/wp\/v2\/comments?post=383"}],"version-history":[{"count":2,"href":"https:\/\/ertekprojects.com\/universitemotivasyon\/wp-json\/wp\/v2\/pages\/383\/revisions"}],"predecessor-version":[{"id":895,"href":"https:\/\/ertekprojects.com\/universitemotivasyon\/wp-json\/wp\/v2\/pages\/383\/revisions\/895"}],"wp:attachment":[{"href":"https:\/\/ertekprojects.com\/universitemotivasyon\/wp-json\/wp\/v2\/media?parent=383"}],"curies":[{"name":"wp","href":"https:\/\/api.w.org\/{rel}","templated":true}]}}